530024
In base 5, what is -4 + -130110403?
-130110412
In base 10, what is 159014 - -10?
159024
In base 2, what is -1001001000100101100 + -1?
-1001001000100101101
In base 7, what is -44 - -24041?
23664
In base 2, what is -100 - -111011111001?
111011110101
In base 12, what is -192 + 198?
6
In base 6, what is -135 + 5125?
4550
In base 14, what is -1ad9 - 11?
-1b0a
In base 2, what is 1011110100000011 + -100?
1011110011111111
In base 4, what is 111130 + -203?
110321
In base 15, what is 5 - 93082?
-9307c
In base 12, what is 10b519a + 3?
10b51a1
In base 7, what is 3024 - -501?
3525
In base 4, what is -103020 + -33?
-103113
In base 8, what is 32 - 101155?
-101123
In base 14, what is -8 + -c854?
-c85c
In base 5, what is -32 - 242332?
-242414
In base 16, what is d + 1e7?
1f4
In base 14, what is -19c6 + 64?
-1962
In base 15, what is 2d8ed6 - 5?
2d8ed1
In base 4, what is 201022313 + 2?
201022321
In base 15, what is 3477 - -2?
3479
In base 5, what is -2314432 + 10?
-2314422
In base 3, what is 10000010 + -122?
2222111
In base 2, what is 1 + 10101100111010?
10101100111011
In base 6, what is -14 + 1435?
1421
In base 11, what is 5 - 3482?
-3478
In base 6, what is -1101 + 202?
-455
In base 3, what is 1 - -112212022?
112212100
In base 3, what is 110222020 - 112?
110221201
In base 5, what is 101022 + 2?
101024
In base 8, what is -1 + -4436571?
-4436572
In base 12, what is -5 + -b9a?
-ba3
In base 4, what is -111212 - 2100?
-113312
In base 14, what is 3c - -8?
46
In base 11, what is -776 - -5a?
-717
In base 9, what is 860 - -161?
1131
In base 13, what is 696 + -24a?
449
In base 5, what is 24034421 + -10?
24034411
In base 10, what is 6 - 61290?
-61284
In base 3, what is 121 + 11110?
12001
In base 9, what is 7512 + -8?
7503
In base 10, what is 3852 + -80?
3772
In base 7, what is 143154 - 4?
143150
In base 7, what is 12156 + 261?
12450
In base 3, what is -2121110100 + 12?
-2121110011
In base 2, what is 101101 - -1110101010?
1111010111
In base 6, what is -2021 - 334?
-2355
In base 9, what is 6248 + -4?
6244
In base 13, what is -2226 - 17?
-2240
In base 13, what is -16c30 + 1?
-16c2c
In base 5, what is 2 - -1134234?
1134241
In base 16, what is -3 + -149d?
-14a0
In base 4, what is 0 + -220213?
-220213
In base 4, what is 102 + -1012212?
-1012110
In base 7, what is 14034 - 33?
14001
In base 2, what is -111111 + -100110?
-1100101
In base 13, what is 30 - -2901?
2931
In base 7, what is -224 - -314?
60
In base 14, what is 1c - 14c?
-130
In base 9, what is 73361 + 1?
73362
In base 15, what is 552a + 1c?
5547
In base 14, what is 82bd - -4?
82c3
In base 6, what is 423224 + 0?
423224
In base 16, what is -15ef - f?
-15fe
In base 14, what is 16 + -1213?
-11db
In base 10, what is 310 - 909?
-599
In base 14, what is b50 - 4?
b4a
In base 10, what is 507 + -731?
-224
In base 15, what is -12c32 - 1d?
-12c50
In base 2, what is 11001 + 100011?
111100
In base 11, what is 7663 - -6?
7669
In base 12, what is -2 - 4a76?
-4a78
In base 9, what is 20 + 17258?
17278
In base 10, what is 44369 + -2?
44367
In base 11, what is 441a3 - -1?
441a4
In base 11, what is -19988 - 5?
-19992
In base 11, what is -3 + -62a5a?
-62a62
In base 11, what is 1 + 2252?
2253
In base 10, what is -446 - 3?
-449
In base 16, what is aa25 - -a?
aa2f
In base 10, what is 1979 - -184?
2163
In base 14, what is 8271 - -1?
8272
In base 8, what is 6533 + 115?
6650
In base 11, what is 4a8 + -65?
443
In base 9, what is 130374 + -5?
130368
In base 7, what is 1 - -102012?
102013
In base 8, what is -4 + 124527?
124523
In base 6, what is -251350 + -4?
-251354
In base 2, what is -10111010001110110001 - 11?
-10111010001110110100
In base 2, what is -11110000000110100 - 11?
-11110000000110111
In base 15, what is -1e01 + -5?
-1e06
In base 11, what is -1941 - -5?
-1937
In base 10, what is 3 - -4215?
4218
In base 9, what is 13 - 33474?
-33461
In base 12, what is 5 + -197aa2?
-197a99
In base 5, what is -2 + 104142?
104140
In base 5, what is 4231 - 302?
3424
In base 13, what is 2c3 + 1c?
312
In base 15, what is -1ae5 - -16e?
-1976
In base 4, what is -2 + 10312033200?
10312033132
In base 9, what is -1454 - 565?
-2130
In base 16, what is 1b + -f53?
-f38
In base 5, what is 203 + 42013?
42221
In base 10, what is -11 + 296861?
296850
In base 4, what is -10 - 2301211333?
-2301212003
In base 16, what is 571 + -3?
56e
In base 7, what is 505560 - 1?
505556
In base 3, what is 11 + 100110221?
100111002
In base 15, what is -426 - 1?
-427
In base 12, what is 20aa8 - -3?
20aab
In base 13, what is -6 + 10259b?
102595
In base 8, what is -13 + -6000?
-6013
In base 6, what is -2 - 41101?
-41103
In base 5, what is 10040 - 1?
10034
In base 8, what is 161 - 10504?
-10323
In base 6, what is 1 + 112025?
112030
In base 16, what is 2274 - a?
226a
In base 4, what is 1210021 - 10?
1210011
In base 8, what is -5 - -11067?
11062
In base 15, what is 9d - -51?
ee
In base 15, what is 8548e2 + -3?
8548de
In base 15, what is -55a - d6?
-641
In base 7, what is 45501 + 5?
45506
In base 16, what is -388c - -1b4?
-36d8
In base 16, what is -f488 + 1?
-f487
In base 15, what is -13 + -320d?
-3221
In base 6, what is 33350 - 1?
33345
In base 10, what is 354487 - 0?
354487
In base 3, what is 1002202 + -2010?
1000122
In base 10, what is -3 - -306293?
306290
In base 6, what is -25 - -13552?
13523
In base 7, what is -13606552 + 5?
-13606544
In base 13, what is 3 - ab459?
-ab456
In base 5, what is -23 + 3433011?
3432433
In base 5, what is 142 - 13402?
-13210
In base 11, what is -6 + -91777?
-91782
In base 15, what is 1e11ce - 3?
1e11cb
In base 9, what is -136 - -3055?
2818
In base 10, what is 230147 + 20?
230167
In base 5, what is -22 + -124044?
-124121
In base 13, what is -1c9a + 7?
-1c93
In base 13, what is -3 + 10a4c7?
10a4c4
In base 16, what is 4 - -4706?
470a
In base 15, what is -18 + ab?
93
In base 2, what is 1010 - 10011110111100010?
-10011110111011000
In base 15, what is -3 + 1710d?
1710a
In base 16, what is 53 + a17?
a6a
In base 11, what is -24a58 + 37?
-24a21
In base 14, what is 21d852 + 4?
21d856
In base 6, what is 433 + -10?
423
In base 13, what is 300 + -1c1?
10c
In base 3, what is -12100 + 1100000?
1010200
In base 15, what is 5a8 - 5ad?
-5
In base 5, what is 4144 - 302?
3342
In base 14, what is 4 + 264b?
2651
In base 12, what is -7 + 1931?
1926
In base 2, what is 1010001100100 + -111011110?
1001010000110
In base 15, what is 5130d + -5?
51308
In base 15, what is -a7c - 48?
-ac5
In base 7, what is -131366 + -46?
-131445
In base 8, what is 1055406 + 0?
1055406
In base 13, what is 5c409 + 5?
5c411
In base 11, what is 9027 + -58?
8a7a
In base 9, what is 2270 + -22?
2247
In base 3, what is 122112102 - 0?
122112102
In base 8, what is 27430 - -11?
27441
In base 8, what is 3454 + -2?
3452
In base 9, what is 3 - -1175503?
1175506
In base 11, what is -81 + -367?
-438
In base 10, what is -3 + -3571?
-3574
In base 13, what is -2 + -495a?
-495c
In base 13, what is -8 - 8c8c?
-8c97
In base 4, what is -3110232 - 122?
-3111020
In base 15, what is e15 + c?
e22
In base 2, what is -10 - 1010010100101101000?
-1010010100101101010
In base 8, what is -1111 + 20?
-1071
In base 14, what is 48 - 1a13?
-19a9
In base 7, what is 103550 + -25?
103522
In base 16, what is 4 + -630e?
-630a
In base 4, what is -2 - 132230220?
-132230222
In base 12, what is 49438 + 0?
49438
In base 4, what is -301 + -2010201?
-2011102
In base 3, what is 2010222 + -1000?
2002222
In base 6, what is -245 - -1155?
510
In base 11, what is -3 + 10962?
1095a
In base 6, what is 143 - -135020?
135203
In base 14, what is 2d42 + 2?
2d44
In base 16, what is -63 + -f42?
-fa5
In base 12, what is 14 - -170bb?
17113
In base 15, what is 4 + -1049?
-1045
In base 7, what is 30152 + -14?
30135
In base 12, what is -102a - 5?
-1033
In base 5, what is 4311001 - 23?
4310423
In base 4, what is 3302103 + 13?
3302122
In base 7, what is 146 + -51160?
-51011
In base 7, what is -23 + 11200?
11144
In base 11, what is 84 - 1753?
-167a
In base 7, what is -3 - 11601212?
-11601215
In base 3, what is -2012102 - 100?
-2012202
In base 12, what is 5 - -6b50?
6b55
In base 2, what is -10010001110 + 1000?
-10010000110
In base 3, what is 1120100212 + -22?
1120100120
In base 5, what is 1421224 + 111?
1421340
In base 6, what is -3045555 - 5?
-3050004
In base 7, what is 13